ve b(26).
-118
Let u(r) = -r**3 + 135*r**2 + 496*r - 30314. What is u(137)?
100
Let o(r) = 2*r**2 + 849*r - 261425. What is o(207)?
16
Let q(p) = 2*p**2 - 47*p - 3352. Give q(56).
288
Let r(b) = -1563*b + 42883. Give r(27).
682
Let h(f) = 4*f**2 - 184*f - 4307. Determine h(63).
-23
Let y(q) = -q**3 - 72*q**2 + 1729*q + 10. Give y(19).
10
Let a(r) = r**2 + 60*r - 2939. Give a(29).
-358
Let y(l) = -50745*l - 202960. What is y(-4)?
20
Let m(o) = -o**3 - 768*o**2 + 1215*o - 250249. Determine m(-770).
1
Let v(k) = k**2 - 1369*k - 496776. Calculate v(-298).
-10
Let r(t) = -168*t + 7017. What is r(37)?
801
Let b(o) = o**2 + 211457*o - 2960591. What is b(14)?
3
Let n(o) = -o**3 + 44*o**2 + 136*o + 415. Determine n(47).
180
Let l(b) = b**2 - 329*b - 88873. What is l(-176)?
7
Let m(z) = 57*z**2 - 16314*z + 3439. What is m(286)?
7
Let g(p) = p**3 + 69*p**2 + 251*p + 57. Calculate g(-65).
642
Let u(k) = -18*k**2 - 15796*k + 15798. Give u(1).
-16
Let m(p) = 276*p - 9733. Calculate m(36).
203
Let j(o) = -7*o**2 + 2751*o + 5505. Give j(-2).
-25
Let u(d) = 7*d**2 + 121*d + 317. Give u(-14).
-5
Let i(r) = -8862*r - 8804. Determine i(-1).
58
Let u(m) = -m**3 + 19*m**2 + 72*m - 159. Calculate u(22).
-27
Let w(g) = 4063*g - 81238. Determine w(20).
22
Let b(i) = 21*i**2 + 47*i - 31. What is b(3)?
299
Let c(g) = 40*g**3 - 101*g**2 + 7*g + 8. Determine c(5).
2518
Let m(y) = -651058*y + 3255287. What is m(5)?
-3
Let r(b) = -19751*b + 59269. Calculate r(3).
16
Let p(v) = 40*v**3 + 2383*v**2 - 3468*v + 537. Give p(-61).
-12
Let y(l) = -l**2 - 302*l + 60195. Calculate y(137).
52
Let y(x) = -25971*x - 181795. Determine y(-7).
2
Let i(h) = -35416*h + 177068. What is i(5)?
-12
Let m(r) = r**3 - 123*r**2 + 116*r - 68. What is m(122)?
-800
Let y(i) = -i**3 - 738*i**2 + 14380*i + 29. Calculate y(19).
-28
Let z(l) = 20727*l - 290178. Determine z(14).
0
Let m(p) = p**2 + 2393*p - 33658. Calculate m(14).
40
Let n(g) = -158*g + 632. Calculate n(4).
0
Let f(l) = 93*l + 5458. What is f(-60)?
-122
Let o(u) = u**3 + 45*u**2 - 151*u - 225. Calculate o(-48).
111
Let r(m) = 5*m**2 + 944*m - 292399. Determine r(-354).
5
Let s(j) = -2624*j + 810826. What is s(309)?
10
Let w(r) = 7*r**2 + 509*r + 1814. What is w(-69)?
20
Let d(i) = -1471185*i + 1471176. Calculate d(1).
-9
Let t(p) = 615*p**2 + 3189*p + 581. Determine t(-5).
11
Let z(j) = 3*j**2 - 907*j + 65015. Give z(117).
-37
Let p(t) = 845*t - 75228. Give p(89).
-23
Let g(q) = -3328*q + 135589. Calculate g(41).
-859
Let u(n) = 25*n**3 - 102*n**2 + 78*n - 286. What is u(4)?
-6
Let c(x) = 9411*x - 84705. Determine c(9).
-6
Let c(d) = d**3 - 6*d**2 + 22590*d - 112992. Calculate c(5).
-67
Let o(i) = i**3 + 118*i**2 - 1231*i - 11071. Calculate o(-127).
105
Let t(h) = 46480*h + 278815. What is t(-6)?
-65
Let h(v) = -444*v + 8078. Give h(18).
86
Let p(g) = 2872*g + 160836. Determine p(-56).
4
Let p(x) = 2*x**3 + 68*x**2 - 372*x - 628. Calculate p(6).
20
Let p(s) = s**3 + 64*s**2 + 671*s - 2590. Give p(3).
26
Let g(f) = f**3 - 33*f**2 - 3575*f + 122672. What is g(35)?
-3
Let k(w) = 25265*w - 4219225. Determine k(167).
30
Let r(t) = 249961*t - 26745823. What is r(107)?
4
Let a(w) = 975*w + 55571. What is a(-57)?
-4
Let w(p) = -p**3 - 52*p**2 - 2430*p - 8966. What is w(-4)?
-14
Let r(q) = -2326*q - 4657. Calculate r(-2).
-5
Let c(p) = -307*p + 91007. Determine c(295).
442
Let t(p) = -3312*p**2 + 235152*p + 4. What is t(71)?
4
Let d(i) = i**3 - 16*i**2 - 324*i + 4937. Calculate d(14).
9
Let j(s) = s**2 + 270*s - 6089. Give j(25).
1286
Let p(x) = -6*x**2 - 343*x + 22355. Calculate p(-96).
-13
Let l(d) = -15*d**2 + 309*d - 126. Give l(0).
-126
Let v(q) = 123*q + 78206. What is v(-639)?
-391
Let x(n) = n**3 + 79*n**2 - 37*n - 2119. Determine x(-79).
804
Let y(v) = 2267*v + 6148. Determine y(-3).
-653
Let w(u) = 56986*u - 5242712. Determine w(92).
0
Let h(g) = 45*g**3 - 11*g**2 - 72*g + 83. Determine h(1).
45
Let o(u) = -1372*u + 13728. Calculate o(10).
8
Let z(q) = 84*q**2 - 662*q + 1327. Calculate z(2).
339
Let m(h) = -15*h**3 + 91*h**2 + 46770*h - 280659. What is m(6)?
-3
Let g(x) = -113820*x - 341482. Calculate g(-3).
-22
Let s(n) = n**2 + 21*n - 2140. What is s(44)?
720
Let b(u) = -10202*u - 91767. What is b(-9)?
51
Let j(v) = 995*v + 13235. Calculate j(-13).
300
Let p(v) = 211*v**2 + 167*v - 18. Determine p(4).
4026
Let b(s) = 13*s**2 - 143*s - 201. Give b(12).
-45
Let g(y) = -5*y**2 + 1153*y + 1767. Give g(233).
-1029
Let r(q) = -101*q**2 - 1458*q - 60. Give r(-14).
556
Let p(u) = -13*u**3 - 5*u**2 - 509*u + 513. Give p(1).
-14
Let t(p) = -1762*p + 14012. What is t(8)?
-84
Let k(v) = -63*v**2 - 358*v + 68. Give k(-6).
-52
Let w(m) = -m**3 - 4875*m - 29309. What is w(-6)?
157
Let z(s) = -152*s + 788. What is z(3)?
332
Let r(c) = -117*c**3 - 1751*c**2 - 13*c - 54. Give r(-15).
1041
Let z(j) = 527*j**2 - 16601*j - 8408. Calculate z(32).
8
Let v(i) = 33*i**2 + 76*i - 225. Calculate v(3).
300
Let v(a) = -6062*a + 127317. Determine v(21).
15
Let o(q) = -q**3 - 436*q**2 - 37130*q - 1161. What is o(-116)?
-1
Let y(t) = -1161*t + 56318. Calculate y(49).
-571
Let u(m) = -2*m**3 - 578*m**2 - 588*m - 2631. Give u(-288).
825
Let z(l) = -2*l**3 - 9*l**2 - 98*l - 489. Calculate z(-5).
26
Let r(j) = 285843*j - 285850. What is r(1)?
-7
Let s(c) = 735*c - 63133. What is s(86)?
77
Let a(j) = 16105*j - 145077. Give a(9).
-132
Let z(j) = 2*j**3 - 1115*j**2 + 2222*j + 7. Calculate z(2).
7
Let n(p) = 204*p + 5092. Calculate n(-25).
-8
Let g(f) = -f**3 + 159*f**2 + 2413*f - 87. Determine g(-14).
39
Let t(o) = -191*o - 9322. Determine t(-49).
37
Let a(f) = 22*f**2 + 93*f + 83. Determine a(-3).
2
Let g(p) = -173872*p + 521361. Determine g(3).
-255
Let n(l) = -l**3 + 55*l**2 - 514*l + 32023. Give n(56).
103
Let i(v) = 2*v**2 - 229*v + 5527. Determine i(60).
-1013
Let g(h) = -819*h - 234. Determine g(4).
-3510
Let r(w) = -3*w**2 + 65*w - 216. Give r(11).
136
Let x(o) = o**3 - 125*o**2 - 670*o - 1631. What is x(130)?
-4231
Let x(k) = -232*k**2 + 13*k + 43. Give x(-3).
-2084
Let y(g) = g**2 - 696450*g + 4178659. Determine y(6).
-5
Let i(c) = 155*c**3 - 37512*c**2 + 496*c - 2903. What is i(242)?
1
Let j(s) = -s**3 - 17*s**2 - 1337*s - 24564. Calculate j(-18).
-174
Let j(z) = 9*z**3 + 35*z**2 + 22*z + 51. Calculate j(-2).
75
Let c(o) = -o**2 - 264*o - 9789. Give c(-185).
4826
Let u(o) = -42*o**2 + 19986*o + 2804. Determine u(476).
-52
Let j(y) = -y**2 + 25*y + 10868. Calculate j(117).
104
Let k(l) = 15697*l - 1334263. Determine k(85).
-18
Let v(g) = 360*g - 11969. Determine v(33).
-89
Let f(z) = 6*z**3 + 797*z**2 - 1880*z + 583. What is f(2)?
59
Let c(o) = o**2 + 692*o + 68673. Calculate c(-120).
33
Let k(s) = -28*s**2 + 29257*s + 61780. Determine k(1047).
7
Let h(n) = -25758*n - 1210624. What is h(-47)?
2
Let y(o) = 88*o - 25751. What is y(301)?
737
Let h(k) = -k**3 - 39*k**2 - 199*k - 1537. Determine h(-34).
-551
Let h(a) = 2*a**2 + 317*a - 32669. What is h(71)?
-80
Let k(f) = -13*f**3 + 425*f**2 - 297*f + 605. What is k(32)?
317
Let k(a) = 3525*a - 1029306. Determine k(292).
-6
Let d(j) = -66*j**2 + 57*j + 124. Calculate d(-5).
-1811
Let u(n) = -4*n**3 + 2561*n**2 - 673*n + 21136. What is u(640)?
16
Let z(f) = 11*f**2 + 552*f - 2918. Determine z(-55).
-3
Let t(l) = -4*l - 70. Give t(-38).
82
Let f(n) = -10040*n - 19946. Give f(-2).
134
Let z(c) = c**3 + 27*c**2 + 35*c + 32. Calculate z(-26).
-202
Let t(b) = -38228*b + 152909. Determine t(4).
-3
Let j(i) = i**2 - 343*i - 16558. Determine j(-43).
40
Let w(s) = 13771*s - 592139. Calculate w(43).
14
Let g(m) = m**2 + 326*m + 12321. Give g(-45).
-324
Let s(f) = -f**3 + 10*f**2 + 5816*f - 156479. Calculate s(30).
1
Let r(d) = 199*d + 14268. Calculate r(-90).
-3642
Let r(b) = -100*b - 17213. What is r(-138)?
-3413
Let g(w) = 31*w**3 + 298*w**2 + 16*w + 18. Determine g(-10).
-1342
Let o(t) = 10*t**2 + 342*t - 6488. What is o(21)?
5104
Let i(l) = -l**3 - 407*l**2 + 271*l - 55915. Calculate i(-408).
-19
Let o(k) = 23*k**3 - 1939*k**2 + 590*k - 151. Give o(84).
17
Let d(m) = -247*m - 39313. Calculate d(-166).
1689
Let j(b) = 15435*b + 1281067. Calculate j(-83).
-38
Let i(z) = -47709*z + 1478874. What is i(31)?
-105
Let d(t) = 14*t**3 + 12016*t**2 - 8580*t + 8595. Give d(-859).
5
Let m(d) = -23*d**2 + 7973*d + 2778. What is m(347